
{"id":587,"date":"2018-10-11T03:15:06","date_gmt":"2018-10-11T03:15:06","guid":{"rendered":"https:\/\/lafermeduchasseur.com\/?page_id=587"},"modified":"2018-10-18T13:17:38","modified_gmt":"2018-10-18T13:17:38","slug":"cerf-rouge","status":"publish","type":"page","link":"https:\/\/lafermeduchasseur.com\/?page_id=587","title":{"rendered":"CERF ROUGE"},"content":{"rendered":"<div class=\"page\" title=\"Page 1\">\n<div class=\"section\">\n<div class=\"layoutArea\">\n<div class=\"column\">\n<h2>Cerf rouge<\/h2>\n<p>Le cerf rouge (Cervus elaphus) est un grand cervid\u00e9 des for\u00eats temp\u00e9r\u00e9es d\u2019Europe, d\u2019Afrique du Nord, d\u2019Am\u00e9rique du Nord et d\u2019Asie. Ce cerf est l\u2019un des repr\u00e9sentants les plus connus de cette famille de mammif\u00e8res. L\u2019esp\u00e8ce comprend plusieurs sous-esp\u00e8ces, dont le cerf de Bactriane, le cerf du Turkestan, le cerf rouge du Turkestan ou, encore, le cerf \u00e9laphe du Turkestan.<\/p>\n<p>Le prix du cerf rouge est d\u2019environ 1 000 $ pour une femelle et de 1 200 $ et plus pour un m\u00e2le. Le cerf rouge est beaucoup plus gros que le cerf de Virginie. Sa viande est excellente.<\/p>\n<\/div>\n<\/div>\n<\/div>\n<\/div>\n","protected":false},"excerpt":{"rendered":"<p>Cerf rouge Le cerf rouge (Cervus elaphus) est un grand cervid\u00e9 des for\u00eats temp\u00e9r\u00e9es d\u2019Europe, d\u2019Afrique du Nord, d\u2019Am\u00e9rique du Nord et d\u2019Asie. Ce cerf est l\u2019un des repr\u00e9sentants les plus connus de cette famille de mammif\u00e8res. L\u2019esp\u00e8ce comprend plusieurs sous-esp\u00e8ces, dont le cerf de Bactriane, le cerf du Turkestan, le cerf rouge du Turkestan [&hellip;]<\/p>\n","protected":false},"author":2,"featured_media":0,"parent":0,"menu_order":0,"comment_status":"closed","ping_status":"closed","template":"","meta":{"footnotes":""},"class_list":["post-587","page","type-page","status-publish","hentry"],"yoast_head":"<!-- This site is optimized with the Yoast SEO plugin v27.4 - https:\/\/yoast.com\/product\/yoast-seo-wordpress\/ -->\n<title>CERF ROUGE | La Ferme du chasseur Cerf rouge Le cerf rouge (Cervus elaphus) est un grand cervid\u00e9 des for\u00eats temp\u00e9r\u00e9es d\u2019Europe, d\u2019Afrique du Nord, d\u2019Am\u00e9rique du Nord et d\u2019Asie. Ce cerf est<\/title>\n<meta name=\"description\" content=\"Cerf rouge Le cerf rouge (Cervus elaphus) est un grand cervid\u00e9 des for\u00eats temp\u00e9r\u00e9es d\u2019Europe, d\u2019Afrique du Nord, d\u2019Am\u00e9rique du Nord et d\u2019Asie. Ce cerf est\" class=\"yoast-seo-meta-tag\" \/>\n<meta name=\"robots\" content=\"index, follow, max-snippet:-1, max-image-preview:large, max-video-preview:-1\" \/>\n<link rel=\"canonical\" href=\"https:\/\/lafermeduchasseur.com\/?page_id=587\" class=\"yoast-seo-meta-tag\" \/>\n<meta property=\"og:locale\" content=\"fr_FR\" class=\"yoast-seo-meta-tag\" \/>\n<meta property=\"og:type\" content=\"article\" class=\"yoast-seo-meta-tag\" \/>\n<meta property=\"og:title\" content=\"CERF ROUGE | La Ferme du chasseur Cerf rouge Le cerf rouge (Cervus elaphus) est un grand cervid\u00e9 des for\u00eats temp\u00e9r\u00e9es d\u2019Europe, d\u2019Afrique du Nord, d\u2019Am\u00e9rique du Nord et d\u2019Asie. Ce cerf est\" class=\"yoast-seo-meta-tag\" \/>\n<meta property=\"og:description\" content=\"Cerf rouge Le cerf rouge (Cervus elaphus) est un grand cervid\u00e9 des for\u00eats temp\u00e9r\u00e9es d\u2019Europe, d\u2019Afrique du Nord, d\u2019Am\u00e9rique du Nord et d\u2019Asie. Ce cerf est\" class=\"yoast-seo-meta-tag\" \/>\n<meta property=\"og:url\" content=\"https:\/\/lafermeduchasseur.com\/?page_id=587\" class=\"yoast-seo-meta-tag\" \/>\n<meta property=\"og:site_name\" content=\"La Ferme du chasseur\" class=\"yoast-seo-meta-tag\" \/>\n<meta property=\"article:modified_time\" content=\"2018-10-18T13:17:38+00:00\" class=\"yoast-seo-meta-tag\" \/>\n<meta name=\"twitter:card\" content=\"summary_large_image\" class=\"yoast-seo-meta-tag\" \/>\n<meta name=\"twitter:label1\" content=\"Dur\u00e9e de lecture estim\u00e9e\" class=\"yoast-seo-meta-tag\" \/>\n\t<meta name=\"twitter:data1\" content=\"1 minute\" class=\"yoast-seo-meta-tag\" \/>\n<script type=\"application\/ld+json\" class=\"yoast-schema-graph\">{\"@context\":\"https:\\\/\\\/schema.org\",\"@graph\":[{\"@type\":\"WebPage\",\"@id\":\"https:\\\/\\\/lafermeduchasseur.com\\\/?page_id=587\",\"url\":\"https:\\\/\\\/lafermeduchasseur.com\\\/?page_id=587\",\"name\":\"CERF ROUGE | La Ferme du chasseur Cerf rouge Le cerf rouge (Cervus elaphus) est un grand cervid\u00e9 des for\u00eats temp\u00e9r\u00e9es d\u2019Europe, d\u2019Afrique du Nord, d\u2019Am\u00e9rique du Nord et d\u2019Asie. Ce cerf est\",\"isPartOf\":{\"@id\":\"https:\\\/\\\/lafermeduchasseur.com\\\/#website\"},\"datePublished\":\"2018-10-11T03:15:06+00:00\",\"dateModified\":\"2018-10-18T13:17:38+00:00\",\"description\":\"Cerf rouge Le cerf rouge (Cervus elaphus) est un grand cervid\u00e9 des for\u00eats temp\u00e9r\u00e9es d\u2019Europe, d\u2019Afrique du Nord, d\u2019Am\u00e9rique du Nord et d\u2019Asie. Ce cerf est\",\"breadcrumb\":{\"@id\":\"https:\\\/\\\/lafermeduchasseur.com\\\/?page_id=587#breadcrumb\"},\"inLanguage\":\"fr-FR\",\"potentialAction\":[{\"@type\":\"ReadAction\",\"target\":[\"https:\\\/\\\/lafermeduchasseur.com\\\/?page_id=587\"]}]},{\"@type\":\"BreadcrumbList\",\"@id\":\"https:\\\/\\\/lafermeduchasseur.com\\\/?page_id=587#breadcrumb\",\"itemListElement\":[{\"@type\":\"ListItem\",\"position\":1,\"name\":\"Accueil\",\"item\":\"https:\\\/\\\/lafermeduchasseur.com\\\/\"},{\"@type\":\"ListItem\",\"position\":2,\"name\":\"CERF ROUGE\"}]},{\"@type\":\"WebSite\",\"@id\":\"https:\\\/\\\/lafermeduchasseur.com\\\/#website\",\"url\":\"https:\\\/\\\/lafermeduchasseur.com\\\/\",\"name\":\"La Ferme du chasseur\",\"description\":\"chasse, hunting, deer, chevreuils, cerf, sanglier\",\"potentialAction\":[{\"@type\":\"SearchAction\",\"target\":{\"@type\":\"EntryPoint\",\"urlTemplate\":\"https:\\\/\\\/lafermeduchasseur.com\\\/?s={search_term_string}\"},\"query-input\":{\"@type\":\"PropertyValueSpecification\",\"valueRequired\":true,\"valueName\":\"search_term_string\"}}],\"inLanguage\":\"fr-FR\"}]}<\/script>\n<!-- \/ Yoast SEO plugin. -->","yoast_head_json":{"title":"CERF ROUGE | La Ferme du chasseur Cerf rouge Le cerf rouge (Cervus elaphus) est un grand cervid\u00e9 des for\u00eats temp\u00e9r\u00e9es d\u2019Europe, d\u2019Afrique du Nord, d\u2019Am\u00e9rique du Nord et d\u2019Asie. Ce cerf est","description":"Cerf rouge Le cerf rouge (Cervus elaphus) est un grand cervid\u00e9 des for\u00eats temp\u00e9r\u00e9es d\u2019Europe, d\u2019Afrique du Nord, d\u2019Am\u00e9rique du Nord et d\u2019Asie. Ce cerf est","robots":{"index":"index","follow":"follow","max-snippet":"max-snippet:-1","max-image-preview":"max-image-preview:large","max-video-preview":"max-video-preview:-1"},"canonical":"https:\/\/lafermeduchasseur.com\/?page_id=587","og_locale":"fr_FR","og_type":"article","og_title":"CERF ROUGE | La Ferme du chasseur Cerf rouge Le cerf rouge (Cervus elaphus) est un grand cervid\u00e9 des for\u00eats temp\u00e9r\u00e9es d\u2019Europe, d\u2019Afrique du Nord, d\u2019Am\u00e9rique du Nord et d\u2019Asie. Ce cerf est","og_description":"Cerf rouge Le cerf rouge (Cervus elaphus) est un grand cervid\u00e9 des for\u00eats temp\u00e9r\u00e9es d\u2019Europe, d\u2019Afrique du Nord, d\u2019Am\u00e9rique du Nord et d\u2019Asie. Ce cerf est","og_url":"https:\/\/lafermeduchasseur.com\/?page_id=587","og_site_name":"La Ferme du chasseur","article_modified_time":"2018-10-18T13:17:38+00:00","twitter_card":"summary_large_image","twitter_misc":{"Dur\u00e9e de lecture estim\u00e9e":"1 minute"},"schema":{"@context":"https:\/\/schema.org","@graph":[{"@type":"WebPage","@id":"https:\/\/lafermeduchasseur.com\/?page_id=587","url":"https:\/\/lafermeduchasseur.com\/?page_id=587","name":"CERF ROUGE | La Ferme du chasseur Cerf rouge Le cerf rouge (Cervus elaphus) est un grand cervid\u00e9 des for\u00eats temp\u00e9r\u00e9es d\u2019Europe, d\u2019Afrique du Nord, d\u2019Am\u00e9rique du Nord et d\u2019Asie. Ce cerf est","isPartOf":{"@id":"https:\/\/lafermeduchasseur.com\/#website"},"datePublished":"2018-10-11T03:15:06+00:00","dateModified":"2018-10-18T13:17:38+00:00","description":"Cerf rouge Le cerf rouge (Cervus elaphus) est un grand cervid\u00e9 des for\u00eats temp\u00e9r\u00e9es d\u2019Europe, d\u2019Afrique du Nord, d\u2019Am\u00e9rique du Nord et d\u2019Asie. Ce cerf est","breadcrumb":{"@id":"https:\/\/lafermeduchasseur.com\/?page_id=587#breadcrumb"},"inLanguage":"fr-FR","potentialAction":[{"@type":"ReadAction","target":["https:\/\/lafermeduchasseur.com\/?page_id=587"]}]},{"@type":"BreadcrumbList","@id":"https:\/\/lafermeduchasseur.com\/?page_id=587#breadcrumb","itemListElement":[{"@type":"ListItem","position":1,"name":"Accueil","item":"https:\/\/lafermeduchasseur.com\/"},{"@type":"ListItem","position":2,"name":"CERF ROUGE"}]},{"@type":"WebSite","@id":"https:\/\/lafermeduchasseur.com\/#website","url":"https:\/\/lafermeduchasseur.com\/","name":"La Ferme du chasseur","description":"chasse, hunting, deer, chevreuils, cerf, sanglier","potentialAction":[{"@type":"SearchAction","target":{"@type":"EntryPoint","urlTemplate":"https:\/\/lafermeduchasseur.com\/?s={search_term_string}"},"query-input":{"@type":"PropertyValueSpecification","valueRequired":true,"valueName":"search_term_string"}}],"inLanguage":"fr-FR"}]}},"_links":{"self":[{"href":"https:\/\/lafermeduchasseur.com\/index.php?rest_route=\/wp\/v2\/pages\/587","targetHints":{"allow":["GET"]}}],"collection":[{"href":"https:\/\/lafermeduchasseur.com\/index.php?rest_route=\/wp\/v2\/pages"}],"about":[{"href":"https:\/\/lafermeduchasseur.com\/index.php?rest_route=\/wp\/v2\/types\/page"}],"author":[{"embeddable":true,"href":"https:\/\/lafermeduchasseur.com\/index.php?rest_route=\/wp\/v2\/users\/2"}],"replies":[{"embeddable":true,"href":"https:\/\/lafermeduchasseur.com\/index.php?rest_route=%2Fwp%2Fv2%2Fcomments&post=587"}],"version-history":[{"count":2,"href":"https:\/\/lafermeduchasseur.com\/index.php?rest_route=\/wp\/v2\/pages\/587\/revisions"}],"predecessor-version":[{"id":715,"href":"https:\/\/lafermeduchasseur.com\/index.php?rest_route=\/wp\/v2\/pages\/587\/revisions\/715"}],"wp:attachment":[{"href":"https:\/\/lafermeduchasseur.com\/index.php?rest_route=%2Fwp%2Fv2%2Fmedia&parent=587"}],"curies":[{"name":"wp","href":"https:\/\/api.w.org\/{rel}","templated":true}]}}